{"id":746,"date":"2023-01-21T17:06:05","date_gmt":"2023-01-21T16:06:05","guid":{"rendered":"https:\/\/imkerguru.de\/?post_type=product&#038;p=746"},"modified":"2023-07-05T18:17:56","modified_gmt":"2023-07-05T16:17:56","slug":"waechterloewe-aus-echtem-bienenwachs","status":"publish","type":"product","link":"http:\/\/imkerguru.de\/?product=waechterloewe-aus-echtem-bienenwachs","title":{"rendered":"W\u00e4chterl\u00f6we aus echtem Bienenwachs"},"content":{"rendered":"<p>W\u00e4chterl\u00f6wen findet man in Shaolin ZEN Tempeln zum Schutz am Eingang<\/p>\n<p>ca. 54g echtes Bienenwachs<\/p>\n<p>ca. 4,5cm x 3,5cm x 7cm<\/p>\n","protected":false},"excerpt":{"rendered":"<p>W\u00e4chterl\u00f6wen findet man in Shaolin ZEN Tempeln zum Schutz am Eingang ca. 54g echtes Bienenwachs ca. 4,5cm x 3,5cm x 7cm<\/p>\n","protected":false},"featured_media":735,"comment_status":"closed","ping_status":"closed","template":"","meta":{"om_disable_all_campaigns":false,"_monsterinsights_skip_tracking":false,"_monsterinsights_sitenote_active":false,"_monsterinsights_sitenote_note":"","_monsterinsights_sitenote_category":0,"_uf_show_specific_survey":0,"_uf_disable_surveys":false,"jetpack_post_was_ever_published":false},"product_brand":[],"product_cat":[117],"product_tag":[],"class_list":{"0":"post-746","1":"product","2":"type-product","3":"status-publish","4":"has-post-thumbnail","6":"product_cat-bienenwachs","8":"first","9":"instock","10":"shipping-taxable","11":"purchasable","12":"product-type-simple"},"aioseo_notices":[],"jetpack_sharing_enabled":true,"_links":{"self":[{"href":"http:\/\/imkerguru.de\/index.php?rest_route=\/wp\/v2\/product\/746","targetHints":{"allow":["GET"]}}],"collection":[{"href":"http:\/\/imkerguru.de\/index.php?rest_route=\/wp\/v2\/product"}],"about":[{"href":"http:\/\/imkerguru.de\/index.php?rest_route=\/wp\/v2\/types\/product"}],"replies":[{"embeddable":true,"href":"http:\/\/imkerguru.de\/index.php?rest_route=%2Fwp%2Fv2%2Fcomments&post=746"}],"wp:featuredmedia":[{"embeddable":true,"href":"http:\/\/imkerguru.de\/index.php?rest_route=\/wp\/v2\/media\/735"}],"wp:attachment":[{"href":"http:\/\/imkerguru.de\/index.php?rest_route=%2Fwp%2Fv2%2Fmedia&parent=746"}],"wp:term":[{"taxonomy":"product_brand","embeddable":true,"href":"http:\/\/imkerguru.de\/index.php?rest_route=%2Fwp%2Fv2%2Fproduct_brand&post=746"},{"taxonomy":"product_cat","embeddable":true,"href":"http:\/\/imkerguru.de\/index.php?rest_route=%2Fwp%2Fv2%2Fproduct_cat&post=746"},{"taxonomy":"product_tag","embeddable":true,"href":"http:\/\/imkerguru.de\/index.php?rest_route=%2Fwp%2Fv2%2Fproduct_tag&post=746"}],"curies":[{"name":"wp","href":"https:\/\/api.w.org\/{rel}","templated":true}]}}