{"id":710,"date":"2022-06-07T20:19:31","date_gmt":"2022-06-07T18:19:31","guid":{"rendered":"https:\/\/imkerguru.de\/?post_type=product&#038;p=710"},"modified":"2024-09-11T13:37:16","modified_gmt":"2024-09-11T11:37:16","slug":"wabenhonig-ca-300g-verpackung-zu-100-kompostierbar","status":"publish","type":"product","link":"http:\/\/imkerguru.de\/?product=wabenhonig-ca-300g-verpackung-zu-100-kompostierbar","title":{"rendered":"Wabenhonig ca. 300g Verpackung zu 100% kompostierbar"},"content":{"rendered":"<blockquote><p>1 St\u00fcck Wabenhonig im Holzrahmen, Zellglasverpackung und Karton,\u00a0 zu 100% kompostierbar Ca. 300g.<\/p><\/blockquote>\n<p>Das Gewicht kann leider ein wenig abweichen, deshalb haben wir den Preis etwas nach unten korrigiert. N<span id=\"title\" class=\"a-size-small\">aturbelassen aus unserer l\u00e4ndlichen Imkerei im Landkreis Landshut in Niederbayern, direkt aus dem Honigraum der Bienenbeute. <\/span><\/p>\n<p><span id=\"title\" class=\"a-size-small\">Nachhaltige Herstellung!<\/span><\/p>\n<p>Die R\u00e4hmchen haben teilweise aussen etwas Propolis (braun), dies ist keine Verschmutzung und kann ebenfalls verzehrt werden.<\/p>\n<p>In diesem St\u00fcck Naturwabe ist alles enthalten.<\/p>\n<p>&#8211; Bienenwachs<\/p>\n<p>&#8211; Bl\u00fctenpollen<\/p>\n<p>&#8211; Bienenhonig<\/p>\n<p>&#8211; Propolis<\/p>\n<p>Wir empfehlen ein St\u00fcck aus dem R\u00e4hmchen auszuschneiden und in einer frisch gebackenen Semmel das Wabenst\u00fcck inkl. Bienenwachs\u00a0zu verzehren.<\/p>\n<p>F\u00fcr Fragen stehen wir jederzeit zur Verf\u00fcgung!<\/p>\n","protected":false},"excerpt":{"rendered":"<p>Ca. 300g Wabenhonig in 100% kompostierbarer Verpackung<\/p>\n<p>Wabenhonig hat einen einzigartigen, vielschichtigen Geschmack, der sich von normalem, verarbeitetem Honig unterscheidet. Der Honig selbst ist oft intensiver und aromatischer, da er direkt aus der Wabe stammt und daher frischer und unverarbeitet ist. Die Geschmacksnoten variieren je nach Bl\u00fctenquelle des Honigs, k\u00f6nnen aber blumig, fruchtig, leicht w\u00fcrzig oder sogar erdig sein.<\/p>\n<p>Zus\u00e4tzlich zur S\u00fc\u00dfe des Honigs bringt die Wabe selbst eine leichte Wachsnote mit sich, die einen zarten, milden Geschmack hat. Das Kauen auf der Wabe verleiht ein sanftes, etwas z\u00e4hes Gef\u00fchl und hinterl\u00e4sst ein leicht nussiges, neutrales Aroma im Mund, das gut mit der intensiven S\u00fc\u00dfe des Honigs harmoniert.<\/p>\n<p>Wabenhonig bietet also ein sehr authentisches, nat\u00fcrliches Geschmackserlebnis, das durch die Kombination von Honig und Wachs eine besondere Textur und Tiefe hat.<\/p>\n","protected":false},"featured_media":713,"comment_status":"closed","ping_status":"closed","template":"","meta":{"om_disable_all_campaigns":false,"_monsterinsights_skip_tracking":false,"_monsterinsights_sitenote_active":false,"_monsterinsights_sitenote_note":"","_monsterinsights_sitenote_category":0,"_uf_show_specific_survey":0,"_uf_disable_surveys":false,"jetpack_post_was_ever_published":false},"product_brand":[],"product_cat":[18],"product_tag":[108,77,80,110,19,105,109,75,104,103,102,76,107,101,106],"class_list":{"0":"post-710","1":"product","2":"type-product","3":"status-publish","4":"has-post-thumbnail","6":"product_cat-honig","7":"product_tag-108","8":"product_tag-bayern","9":"product_tag-bienenwachs","10":"product_tag-deutschland","11":"product_tag-honig","12":"product_tag-imkerei","13":"product_tag-kompostierbar","14":"product_tag-landshut","15":"product_tag-nachhaltig","16":"product_tag-naturbau","17":"product_tag-naturbelassen","18":"product_tag-niederbayern","19":"product_tag-propolis","20":"product_tag-wabenhonig","21":"product_tag-wabenstueck","23":"first","24":"outofstock","25":"shipping-taxable","26":"purchasable","27":"product-type-simple"},"aioseo_notices":[],"jetpack_sharing_enabled":true,"_links":{"self":[{"href":"http:\/\/imkerguru.de\/index.php?rest_route=\/wp\/v2\/product\/710","targetHints":{"allow":["GET"]}}],"collection":[{"href":"http:\/\/imkerguru.de\/index.php?rest_route=\/wp\/v2\/product"}],"about":[{"href":"http:\/\/imkerguru.de\/index.php?rest_route=\/wp\/v2\/types\/product"}],"replies":[{"embeddable":true,"href":"http:\/\/imkerguru.de\/index.php?rest_route=%2Fwp%2Fv2%2Fcomments&post=710"}],"wp:featuredmedia":[{"embeddable":true,"href":"http:\/\/imkerguru.de\/index.php?rest_route=\/wp\/v2\/media\/713"}],"wp:attachment":[{"href":"http:\/\/imkerguru.de\/index.php?rest_route=%2Fwp%2Fv2%2Fmedia&parent=710"}],"wp:term":[{"taxonomy":"product_brand","embeddable":true,"href":"http:\/\/imkerguru.de\/index.php?rest_route=%2Fwp%2Fv2%2Fproduct_brand&post=710"},{"taxonomy":"product_cat","embeddable":true,"href":"http:\/\/imkerguru.de\/index.php?rest_route=%2Fwp%2Fv2%2Fproduct_cat&post=710"},{"taxonomy":"product_tag","embeddable":true,"href":"http:\/\/imkerguru.de\/index.php?rest_route=%2Fwp%2Fv2%2Fproduct_tag&post=710"}],"curies":[{"name":"wp","href":"https:\/\/api.w.org\/{rel}","templated":true}]}}