{"id":150,"date":"2020-06-29T13:19:05","date_gmt":"2020-06-29T11:19:05","guid":{"rendered":"http:\/\/imkerguru.de\/?post_type=product&#038;p=150"},"modified":"2026-01-16T19:07:31","modified_gmt":"2026-01-16T18:07:31","slug":"6-glaeser-3-kg-fruehjahrshonig-bluetenhonig-cremig","status":"publish","type":"product","link":"http:\/\/imkerguru.de\/?product=6-glaeser-3-kg-fruehjahrshonig-bluetenhonig-cremig","title":{"rendered":"6 Gl\u00e4ser (3 Kg) Fr\u00fchjahrshonig \/ Bl\u00fctenhonig cremig aus Niederbayern &#8211; Edenland im Landkreis Landshut"},"content":{"rendered":"<p>Honig aus Niederbayern &#8211; Edenland im Landkreis Landshut<\/p>\n<p>6 Gl\u00e4ser a 500g Bl\u00fctenhonig cremig aus Niederbayern<\/p>\n<p>Der Honig ist naturbelassen, gesiebt aber nicht feingefiltert.<br \/>\nDieser Bl\u00fctenhonig wurde von uns nach der Ernte cremig (streichzart) ger\u00fchrt.<\/p>\n<p>Er kann jederzeit durch erw\u00e4rmen bis max. 40\u00b0 im Wasserbad wieder fl\u00fcssig gemacht werden. Er schmeckt lieblich, fruchtig.<\/p>\n<p>Bei mittelfristiger oder l\u00e4ngerer Lagerung kandiert Honig je nach Sorte und Bestandteil von Traubenzucker schneller oder langsamer; Dies kann auch innerhalb weniger Wochen sein, ein nat\u00fcrlicher Prozess und Merkmal seiner Naturbelassenheit.<\/p>\n","protected":false},"excerpt":{"rendered":"<p>Honig aus Niederbayern &#8211; Edenland im Landkreis Landshut 6 Gl\u00e4ser a 500g Bl\u00fctenhonig cremig aus Niederbayern Der Honig ist naturbelassen, gesiebt aber nicht feingefiltert. Dieser Bl\u00fctenhonig wurde von uns nach der Ernte cremig (streichzart) ger\u00fchrt. Er kann jederzeit durch erw\u00e4rmen bis max. 40\u00b0 im Wasserbad wieder fl\u00fcssig gemacht werden. Er schmeckt lieblich, fruchtig. Bei mittelfristiger &hellip; <\/p>\n<p class=\"link-more\"><a href=\"http:\/\/imkerguru.de\/?product=6-glaeser-3-kg-fruehjahrshonig-bluetenhonig-cremig\" class=\"more-link\"><span class=\"screen-reader-text\">\u201e6 Gl\u00e4ser (3 Kg) Fr\u00fchjahrshonig \/ Bl\u00fctenhonig cremig aus Niederbayern &#8211; Edenland im Landkreis Landshut\u201c <\/span>weiterlesen<\/a><\/p>\n","protected":false},"featured_media":643,"comment_status":"closed","ping_status":"closed","template":"","meta":{"om_disable_all_campaigns":false,"_monsterinsights_skip_tracking":false,"_monsterinsights_sitenote_active":false,"_monsterinsights_sitenote_note":"","_monsterinsights_sitenote_category":0,"_uf_show_specific_survey":0,"_uf_disable_surveys":false,"jetpack_post_was_ever_published":false},"product_brand":[],"product_cat":[18],"product_tag":[77,73,23,78,24,74,75,72,76],"class_list":{"0":"post-150","1":"product","2":"type-product","3":"status-publish","4":"has-post-thumbnail","6":"product_cat-honig","7":"product_tag-bayern","8":"product_tag-bienen","9":"product_tag-bluetenhonig","10":"product_tag-cremig","11":"product_tag-fruehjahrshonig","12":"product_tag-imker","13":"product_tag-landshut","14":"product_tag-natur","15":"product_tag-niederbayern","17":"first","18":"instock","19":"sale","20":"shipping-taxable","21":"purchasable","22":"product-type-simple"},"aioseo_notices":[],"jetpack_sharing_enabled":true,"_links":{"self":[{"href":"http:\/\/imkerguru.de\/index.php?rest_route=\/wp\/v2\/product\/150","targetHints":{"allow":["GET"]}}],"collection":[{"href":"http:\/\/imkerguru.de\/index.php?rest_route=\/wp\/v2\/product"}],"about":[{"href":"http:\/\/imkerguru.de\/index.php?rest_route=\/wp\/v2\/types\/product"}],"replies":[{"embeddable":true,"href":"http:\/\/imkerguru.de\/index.php?rest_route=%2Fwp%2Fv2%2Fcomments&post=150"}],"wp:featuredmedia":[{"embeddable":true,"href":"http:\/\/imkerguru.de\/index.php?rest_route=\/wp\/v2\/media\/643"}],"wp:attachment":[{"href":"http:\/\/imkerguru.de\/index.php?rest_route=%2Fwp%2Fv2%2Fmedia&parent=150"}],"wp:term":[{"taxonomy":"product_brand","embeddable":true,"href":"http:\/\/imkerguru.de\/index.php?rest_route=%2Fwp%2Fv2%2Fproduct_brand&post=150"},{"taxonomy":"product_cat","embeddable":true,"href":"http:\/\/imkerguru.de\/index.php?rest_route=%2Fwp%2Fv2%2Fproduct_cat&post=150"},{"taxonomy":"product_tag","embeddable":true,"href":"http:\/\/imkerguru.de\/index.php?rest_route=%2Fwp%2Fv2%2Fproduct_tag&post=150"}],"curies":[{"name":"wp","href":"https:\/\/api.w.org\/{rel}","templated":true}]}}